hat is x(-7)?
-4
Let s(h) = h**3 + 42*h**2 - 286*h + 104. What is s(-48)?
8
Let u(r) = -r**2 + 21*r + 1. Calculate u(21).
1
Let o(t) = 2*t + 3. Calculate o(12).
27
Let c(s) = 56*s. Determine c(-1).
-56
Let b(y) = y**2 - 7*y - 11. Calculate b(8).
-3
Let x(g) = -3*g**2 - 41*g - 7. Calculate x(-13).
19
Let v(g) = -4*g + 52. Calculate v(18).
-20
Let h(x) = -12*x - 4. Give h(-2).
20
Let q(g) = -g**3 - 9*g**2. What is q(-9)?
0
Let m(t) = 2*t**2 - 58*t + 137. Determine m(26).
-19
Let z(v) = v**2 - 23*v + 3. Give z(22).
-19
Let y(s) = s**3 + 26*s**2 - 27*s - 1. Calculate y(-27).
-1
Let h(w) = 5*w - 32. What is h(0)?
-32
Let s(t) = -3*t + 33. Determine s(18).
-21
Let c(a) = -24*a**3 + a**2 - 1. Give c(-1).
24
Let d(o) = o**3 + 10*o**2 + 7*o + 10. Give d(-9).
28
Let w(s) = -s**3 - 6*s**2 - 7*s - 1. What is w(-3)?
-7
Let a(t) = t**2 + 3*t - 9. Determine a(-7).
19
Let u(x) = -26*x - 244. What is u(-9)?
-10
Let f(w) = -w**2 + 5*w + 1. Calculate f(5).
1
Let d(i) = -5*i**2 - 15*i - 8. What is d(-2)?
2
Let z(s) = s**3 - 3*s**2 + 2*s - 4. Calculate z(0).
-4
Let r(q) = -3*q - 10. Determine r(-10).
20
Let b(u) = 2*u - 82. Give b(28).
-26
Let d(p) = p**2 - 2*p. Give d(1).
-1
Let r(m) = m**3 - 9*m**2 + 13*m - 12. Determine r(8).
28
Let g(c) = c**3 + 13*c**2 + 10*c + 1. Calculate g(-11).
133
Let o(a) = -40*a - 116. Calculate o(-3).
4
Let q(y) = -y**3 + 17*y**2 - 13*y + 37. What is q(17)?
-184
Let l(i) = i**3 + 62*i**2 - 54*i + 562. Determine l(-63).
-5
Let k(x) = -x**3 - 32*x**2 + 31*x - 71. Calculate k(-33).
-5
Let v(r) = -4*r**3 - 39*r**2 + 11*r + 15. Give v(-10).
5
Let q(s) = -s**3 - 8*s**2 - 4*s + 11. Determine q(-7).
-10
Let t(h) = h**2 - 10*h + 1. Determine t(8).
-15
Let q(j) = -j**2 - 12*j + 10. What is q(-7)?
45
Let w(r) = 9*r - 72. What is w(8)?
0
Let d(f) = -3*f**2 + 53*f - 38. Calculate d(17).
-4
Let i(d) = d**3 + 9*d**2 + 9*d + 1. Determine i(-6).
55
Let m(v) = -v**3 - 5*v**2 + 2*v + 5. Determine m(-5).
-5
Let u(x) = -9*x + 19. Determine u(0).
19
Let c(p) = 6*p**3 + p**2 + 4*p - 6. Determine c(2).
54
Let h(s) = s**3 + 8*s**2 + 2*s + 6. Give h(-7).
41
Let h(u) = u**3 + 8*u**2 - 9*u + 13. Give h(-9).
13
Let a(i) = -i**3 + 13*i**2 + i - 11. Calculate a(13).
2
Let o(w) = -2*w - 7. Determine o(-12).
17
Let j(m) = -4*m**2 - 104*m + 10. Give j(-26).
10
Let m(b) = b**2 - 5*b + 1. What is m(2)?
-5
Let z(m) = m**2 + 3*m - 6. What is z(-6)?
12
Let g(j) = -25*j - 155. What is g(-6)?
-5
Let s(q) = -q**3 - 5*q**2 + 3*q. What is s(-5)?
-15
Let u(i) = 5*i**2 - 14*i + 9. Determine u(3).
12
Let d(t) = 2*t**3 + 37*t**2 + 16*t - 37. What is d(-18)?
-1
Let a(u) = -23*u**2 - 3*u + 3. Calculate a(1).
-23
Let c(d) = 7*d - 8. Give c(2).
6
Let o(v) = 11*v + 6. Calculate o(8).
94
Let q(g) = -g**3 - 8*g**2 + 9*g + 7. What is q(-9)?
7
Let n(x) = x**2 + 2*x - 4. Give n(4).
20
Let x(i) = -15*i**2 + i - 2. Calculate x(1).
-16
Let v(l) = l**3 - 2*l**2 - 2*l + 10. Calculate v(2).
6
Let f(p) = p**3 + 6*p**2 + 9*p - 1. Give f(-4).
-5
Let h(k) = -k**2 + 5*k - 3. Determine h(8).
-27
Let r(q) = -q**2 - 12*q - 7. Give r(-12).
-7
Let h(c) = 6*c - 2. What is h(-1)?
-8
Let h(v) = -3*v - 37. Determine h(-8).
-13
Let r(v) = -3*v**2 - 13*v + 17. Determine r(-7).
-39
Let d(b) = -32*b + 40. Determine d(2).
-24
Let p(a) = -a - 5. Give p(5).
-10
Let c(f) = f + 13. Calculate c(-7).
6
Let u(g) = -13*g + 11. What is u(-3)?
50
Let q(o) = 30*o + 83. What is q(-3)?
-7
Let t(i) = i**2 - 7*i - 8. Give t(8).
0
Let j(q) = q**2 - 11*q - 7. Calculate j(11).
-7
Let k(y) = y**3 - 10*y**2 + 8*y + 4. What is k(9)?
-5
Let l(r) = 3*r - 14. Give l(6).
4
Let t(d) = 5*d**2 + 89*d - 27. What is t(-18)?
-9
Let o(f) = 3*f**3 - f**2 + 4*f - 15. What is o(3)?
69
Let n(y) = -24*y - 16. What is n(6)?
-160
Let a(l) = -l + 13. Determine a(16).
-3
Let a(f) = -2*f**3 - 12*f**2 + 19*f + 116. Calculate a(-6).
2
Let k(l) = l**2 - 15*l + 51. Calculate k(7).
-5
Let x(c) = 3*c + 90. Give x(-22).
24
Let y(k) = 14*k + 123. What is y(-8)?
11
Let j(b) = -b**3 + 3*b**2 + 11*b - 3. Give j(5).
2
Let r(h) = h**3 + 4*h**2 + 4. Calculate r(-3).
13
Let y(i) = i**3 + 16*i**2 - 18*i - 2. Calculate y(-17).
15
Let q(c) = c**2 + 4*c - 15. What is q(-7)?
6
Let r(p) = p**3 + 10*p**2 + p + 7. Determine r(-10).
-3
Let c(y) = y**3 + 22*y**2 - 43*y + 13. Give c(-24).
-107
Let d(k) = k**3 + 5*k**2 + 4*k + 2. Calculate d(-2).
6
Let n(g) = 2*g**2 - 4*g - 6. Give n(4).
10
Let o(f) = f**3 - 4*f**2 + 4*f - 19. Determine o(4).
-3
Let a(k) = k + 25. Calculate a(-7).
18
Let g(l) = l**3 - 9*l**2 + 16*l + 11. Give g(6).
-1
Let b(v) = -v**3 - 2*v**2 + 8*v - 7. What is b(2)?
-7
Let c(z) = z**3 + 6*z**2 + 6*z + 1. What is c(-5)?
-4
Let c(v) = -19*v + 25. Give c(4).
-51
Let m(a) = -a**3 + 7*a**2 + 8*a - 9. Give m(8).
-9
Let n(p) = 2*p**3 - 11*p**2 - 6*p + 14. What is n(6)?
14
Let r(l) = -3*l + 33. What is r(11)?
0
Let x(g) = -g - 1. Give x(6).
-7
Let f(s) = 3*s + 34. What is f(-10)?
4
Let c(h) = h**2 + 8. Calculate c(0).
8
Let i(s) = s**3 + 9*s**2 - 21*s. Determine i(-11).
-11
Let o(b) = 12*b + 303. Determine o(-26).
-9
Let s(q) = -5*q - 30. Determine s(-5).
-5
Let i(p) = -p - 25. Calculate i(-12).
-13
Let g(k) = k + 35. What is g(-37)?
-2
Let h(b) = 2*b**2 - 13*b - 14. Give h(7).
-7
Let l(x) = x - 17. What is l(15)?
-2
Let h(z) = -z + 6. What is h(-1)?
7
Let d(l) = -l**3 + 9*l**2 - 6*l + 9. Give d(7).
65
Let t(l) = -5*l**2 - 8. Give t(-3).
-53
Let q(s) = -s**3 - 2*s**2 + 2*s + 6. Determine q(0).
6
Let s(k) = -k + 13. What is s(19)?
-6
Let b(c) = 3*c**2 + 57*c - 29. Give b(-20).
31
Let u(n) = n**3 - 5*n**2 - 4*n - 10. Give u(6).
2
Let p(o) = o**3 - 16*o**2 + 11*o + 57. Give p(15).
-3
Let l(z) = -16*z + 3. Determine l(2).
-29
Let l(q) = q**3 - 5*q**2 - 7*q - 17. Determine l(7).
32
Let m(j) = 8*j + 87. Determine m(-10).
7
Let l(w) = 5*w - 5. What is l(4)?
15
Let t(g) = -2*g**2 + 13. Determine t(4).
-19
Let d(t) = -t**3 - 12*t**2 + 22*t - 81. What is d(-14)?
3
Let y(t) = 4*t**2 - 3*t + 2. Give y(2).
12
Let p(u) = 32*u + 251. Calculate p(-8).
-5
Let c(b) = -b + 3. Give c(9).
-6
Let v(x) = x**3 - 3*x**2 - 5*x + 3. Determine v(3).
-12
Let p(t) = t**2 - 13*t - 15. Calculate p(14).
-1
Let d(f) = 30*f**2 + 2*f - 1. Calculate d(-2).
115
Let a(d) = -3*d**3 + 4*d**2 - d - 2. Calculate a(2).
-12
Let k(b) = b**3 + 3*b**2 - 6*b + 22. Give k(-5).
2
Let i(a) = -a**2 + 12*a - 18. What is i(13)?
-31
Let h(i) = 8*i - 22. What is h(-11)?
-110
Let y(p) = p**3 - 7*p**2 - 6*p - 2. What is y(8)?
14
Let l(o) = -o**3 - 7*o**2 + 7*o - 1. Give l(-7).
-50
Let c(y) = 106*y + 3. Calculate c(1).
109
Let s(k) = 6*k. Determine s(2).
12
Let s(n) = n**2 + 7*n - 8. Determine s(-6).
-14
Let b(p) = 2*p**2 - 3*p - 3. Calculate b(3).
6
Let x(s) = 56*s - 4. What is x(0)?
-4
Let t(r) = -r**3 + 13*r**2 - 2. Determine t(13).
-2
Let h(j) = j**2 - 11. Determine h(0).
-11
Let a(u) = 6*u**2 + 4*u + 3. Give a(-2).
19
Let r(z) = z**3 + z**2 - z - 3. Calculate r(2).
7
Let j(r) = 24*r - 169. Calculate j(7).
-1
Let g(r) = 14*r**2 + 2*r - 4. Give g(-3).
116
Let h(l) = 15*l - 188. Give h(14).
22
Let s(q) = -q**2 - q + 9. Determine s(0).
9
Let h(x) = x**2 - 7*x + 3. What is h(8)?
11
Let y(v) = 69*v + 1376. Give y(-20).
-4
Let j(m) = 54*m + 523. Give j(-10).
-17
Let l(f) = f - 1. Give l(4).
3
Let x(a) = 2*a**2 + 3*a - 6. What is x(-4)?
14
Let a(r) = r + 5. What is a(-6)?
-1
Let s(n) = -2*n**2 - 29*n - 44. What is s(-10)?
46
Let w(c) = 2*c + 7. Calculate w(-8).
-9
Let u(h) = -23*h + 576. Give u(25).
1
Let h(z) = z**3 + 16*z**2 + 18*z + 43. Determine h(-15).
-2
Let z(o) = -o - 13. What is z(0)?
-13
Let v(z) = 2*z**3 + 2*z**2 - 8*z - 3. Give v(-3).
-15
Let u(g) = -g**3 + 6*g**2 + 8*g + 2. Calculate u(7).
9
Let z(h) = h**3 - 5*h**2 - 7*h - 4. Calculate z(6).
-10
Let k(u) = u**2 + 9*u - 7. Determine k(-5).
-27
Let s(f) = f**2 + 2*f - 2. Calculate s(3).
13
Let a(s) = 2*s**2 + 7*s + 1. Calculate a(-4).
5
Let g(w) = w**3 - 2*w**2 - 7*w + 25. Calculate g(2).
11
Let r(o) = -o**3 - 7*o**2 + 4*o + 2. What is r(-8)?
34
Let h(y) = 2*y**2 - 10*y + 10. What is h(5)?
10
Let y(u) = 6*u + 44. Give y(-6).
8
Let d(y) = -y**3 + 9*y**2 - 4*y + 29. Give d(9).
-7
Let r(i) = 3*i**2 + 93*i + 13. Give r(-31).
13
Let i(p) = p**2 + 7*p + 6. Determine i(-4).
-6
Let c(g) = g**2 + 2*g + 11. What is c(-3)?
14
Let u(f) = 2*f - 15. Determine u(-4).
-23
Let y(p) = 